is the remainder when 61 is divided by 36?
25
What is the remainder when 12956 is divided by 288?
284
Calculate the remainder when 37 is divided by 10.
7
Calculate the remainder when 21 is divided by 11.
10
Calculate the remainder when 209 is divided by 42.
41
Calculate the remainder when 1258 is divided by 85.
68
What is the remainder when 409 is divided by 346?
63
Calculate the remainder when 166 is divided by 20.
6
Calculate the remainder when 4408 is divided by 63.
61
Calculate the remainder when 17774 is divided by 44.
42
What is the remainder when 3493 is divided by 100?
93
What is the remainder when 1787 is divided by 107?
75
Calculate the remainder when 1245 is divided by 159.
132
What is the remainder when 680 is divided by 293?
94
Calculate the remainder when 149 is divided by 30.
29
Calculate the remainder when 134 is divided by 6.
2
Calculate the remainder when 1871 is divided by 30.
11
Calculate the remainder when 830 is divided by 1.
0
What is the remainder when 297 is divided by 30?
27
Calculate the remainder when 2515 is divided by 837.
4
Calculate the remainder when 107 is divided by 13.
3
What is the remainder when 906 is divided by 16?
10
Calculate the remainder when 65 is divided by 19.
8
What is the remainder when 444 is divided by 56?
52
Calculate the remainder when 1136 is divided by 7.
2
Calculate the remainder when 15778 is divided by 30.
28
What is the remainder when 191 is divided by 41?
27
Calculate the remainder when 1126 is divided by 139.
14
Calculate the remainder when 930 is divided by 274.
108
What is the remainder when 502 is divided by 56?
54
What is the remainder when 286 is divided by 86?
28
What is the remainder when 195 is divided by 11?
8
What is the remainder when 1856 is divided by 926?
4
What is the remainder when 1160 is divided by 166?
164
What is the remainder when 1605 is divided by 40?
5
What is the remainder when 306 is divided by 157?
149
What is the remainder when 122 is divided by 6?
2
Calculate the remainder when 393 is divided by 11.
8
What is the remainder when 743 is divided by 85?
63
Calculate the remainder when 387 is divided by 124.
15
What is the remainder when 887 is divided by 74?
73
What is the remainder when 161 is divided by 113?
48
What is the remainder when 175 is divided by 97?
78
What is the remainder when 595 is divided by 122?
107
What is the remainder when 13445 is divided by 166?
165
What is the remainder when 1283 is divided by 43?
36
What is the remainder when 336 is divided by 85?
81
Calculate the remainder when 350 is divided by 1.
0
What is the remainder when 455 is divided by 27?
23
Calculate the remainder when 238 is divided by 60.
58
What is the remainder when 1404 is divided by 173?
20
What is the remainder when 45 is divided by 12?
9
Calculate the remainder when 379 is divided by 44.
27
What is the remainder when 3170 is divided by 13?
11
What is the remainder when 190 is divided by 41?
26
What is the remainder when 93 is divided by 71?
22
What is the remainder when 221 is divided by 51?
17
Calculate the remainder when 441 is divided by 34.
33
Calculate the remainder when 673 is divided by 332.
9
What is the remainder when 45341 is divided by 218?
215
Calculate the remainder when 2012 is divided by 397.
27
What is the remainder when 251 is divided by 29?
19
Calculate the remainder when 69 is divided by 9.
6
Calculate the remainder when 1146 is divided by 82.
80
Calculate the remainder when 276 is divided by 140.
136
What is the remainder when 20700 is divided by 127?
126
Calculate the remainder when 119 is divided by 31.
26
Calculate the remainder when 4 is divided by 1.
0
Calculate the remainder when 275 is divided by 40.
35
Calculate the remainder when 301 is divided by 18.
13
What is the remainder when 313 is divided by 11?
5
What is the remainder when 482 is divided by 470?
12
What is the remainder when 203 is divided by 35?
28
Calculate the remainder when 350 is divided by 3.
2
Calculate the remainder when 7400 is divided by 2463.
11
Calculate the remainder when 317 is divided by 118.
81
Calculate the remainder when 4124 is divided by 90.
74
Calculate the remainder when 1150 is divided by 61.
52
Calculate the remainder when 1530 is divided by 409.
303
What is the remainder when 6841 is divided by 427?
9
What is the remainder when 6076 is divided by 190?
186
What is the remainder when 1993 is divided by 90?
13
What is the remainder when 3819 is divided by 21?
18
What is the remainder when 1786 is divided by 112?
106
Calculate the remainder when 5908 is divided by 6.
4
Calculate the remainder when 166 is divided by 47.
25
Calculate the remainder when 327 is divided by 58.
37
Calculate the remainder when 714 is divided by 200.
114
Calculate the remainder when 1643 is divided by 137.
136
What is the remainder when 687 is divided by 179?
150
What is the remainder when 1089 is divided by 12?
9
Calculate the remainder when 45 is divided by 18.
9
What is the remainder when 96 is divided by 71?
25
What is the remainder when 1455 is divided by 104?
103
What is the remainder when 442 is divided by 12?
10
Calculate the remainder when 208 is divided by 63.
19
What is the remainder when 65 is divided by 6?
5
Calculate the remainder when 96 is divided by 35.
26
What is the remainder when 29 is divided by 14?
1
What is the remainder when 140 is divided by 5?
0
Calculate the remainder when 2193 is divided by 11.
4
Calculate the remainder when 5542 is divided by 4.
2
Calculate the remainder when 99 is divided by 16.
3
What is the remainder when 96 is divided by 9?
6
What is the remainder when 202 is divided by 12?
10
What is the remainder when 1711 is divided by 45?
1
Calculate the remainder when 394 is divided by 33.
31
Calculate the remainder when 1219 is divided by 94.
91
What is the remainder when 101 is divided by 18?
11
What is the remainder when 255 is divided by 131?
124
What is the remainder when 320 is divided by 145?
30
Calculate the remainder when 255 is divided by 22.
13
Calculate the remainder when 1448 is divided by 23.
22
Calculate the remainder when 2721 is divided by 82.
15
What is the remainder when 1580 is divided by 66?
62
What is the remainder when 3759 is divided by 94?
93
Calculate the remainder when 998 is divided by 100.
98
What is the remainder when 4765 is divided by 26?
7
Calculate the remainder when 4549 is divided by 1516.
1
Calculate the remainder when 2 is divided by 2.
0
Calculate the remainder when 93 is divided by 13.
2
Calculate the remainder when 6566 is divided by 1638.
14
Calculate the remainder when 146 is divided by 10.
6
Calculate the remainder when 168 is divided by 57.
54
Calculate the remainder when 106 is divided by 24.
10
Calculate the remainder when 232 is divided by 47.
44
What is the remainder when 713 is divided by 71?
3
What is the remainder when 164 is divided by 31?
9
What is the remainder when 76 is divided by 42?
34
Calculate the remainder when 812 is divided by 265.
17
Calculate the remainder when 42 is divided by 21.
0
What is the remainder when 5806 is divided by 157?
154
Calculate the remainder when 48 is divided by 24.
0
What is the remainder when 21 is divided by 11?
10
What is the remainder when 24 is divided by 6?
0
Calculate the remainder when 2128 is divided by 190.
38
What is the remainder when 1133 is divided by 81?
80
What is the remainder when 233 is divided by 9?
8
What is the remainder when 31 is divided by 23?
8
What is the remainder when 3195 is divided by 16?
11
What is the remainder when 356 is divided by 17?
16
Calculate the remainder when 601 is divided by 2.
1
What is the remainder when 1329 is divided by 121?
119
Calculate the remainder when 2875 is divided by 716.
11
What is the remainder when 2306 is divided by 59?
5
What is the remainder when 69 is divided by 50?
19
What is the remainder when 17 is divided by 7?
3
What is the remainder when 21 is divided by 7?
0
What is the remainder when 33 is divided by 19?
14
Calculate the remainder when 6089 is divided by 30.
29
What is the remainder when 2280 is divided by 229?
219
What is the remainder when 1348 is divided by 47?
32
What is the remainder when 535 is divided by 14?
3
What is the remainder when 8 is divided by 8?
0
What is the remai